{"id":348,"date":"2023-02-13T17:19:46","date_gmt":"2023-02-13T17:19:46","guid":{"rendered":"https:\/\/www.encosl.com\/?page_id=348"},"modified":"2024-05-19T10:54:18","modified_gmt":"2024-05-19T10:54:18","slug":"quien-somos","status":"publish","type":"page","link":"https:\/\/www.encosl.com\/index.php\/quien-somos\/","title":{"rendered":"Quien Somos"},"content":{"rendered":"\t\t<div data-elementor-type=\"wp-page\" data-elementor-id=\"348\" class=\"elementor elementor-348\">\n\t\t\t\t\t\t<section class=\"elementor-section elementor-top-section elementor-element elementor-element-5055d45 elementor-section-boxed elementor-section-height-default elementor-section-height-default\" data-id=\"5055d45\" data-element_type=\"section\" data-e-type=\"section\" data-settings=\"{&quot;background_background&quot;:&quot;classic&quot;}\">\n\t\t\t\t\t\t<div class=\"elementor-container elementor-column-gap-default\">\n\t\t\t\t\t<div class=\"elementor-column elementor-col-100 elementor-top-column elementor-element elementor-element-4578ead\" data-id=\"4578ead\" data-element_type=\"column\" data-e-type=\"column\">\n\t\t\t<div class=\"elementor-widget-wrap elementor-element-populated\">\n\t\t\t\t\t\t<div class=\"elementor-element elementor-element-16062b3 elementor-widget elementor-widget-text-editor\" data-id=\"16062b3\" data-element_type=\"widget\" data-e-type=\"widget\" data-widget_type=\"text-editor.default\">\n\t\t\t\t<div class=\"elementor-widget-container\">\n\t\t\t\t\t\t\t\t\t<p>Somos una empresa de construcciones y rehabilitaciones con m\u00e1s de 25 a\u00f1os de experiencia en el sector. Desde nuestros comienzos, hemos establecido una s\u00f3lida reputaci\u00f3n como l\u00edderes en la industria, gracias a nuestro compromiso con la excelencia en la calidad de nuestro trabajo y en el servicio al cliente.<\/p><p>Nuestra empresa est\u00e1 compuesta por un equipo altamente capacitado y experimentado de arquitectos, ingenieros, contratistas y trabajadores, todos ellos con un enfoque en el detalle y la precisi\u00f3n en cada proyecto que abordamos. Trabajamos en estrecha colaboraci\u00f3n con nuestros clientes para asegurarnos de que sus necesidades y expectativas se cumplan, y nos esforzamos por garantizar que cada proyecto se realice dentro del presupuesto y plazo establecidos.<\/p><p>Ofrecemos una amplia gama de servicios de construcci\u00f3n y rehabilitaci\u00f3n, desde la construcci\u00f3n de nuevas estructuras hasta la renovaci\u00f3n de edificios antiguos. Tambi\u00e9n nos especializamos en proyectos de remodelaci\u00f3n y ampliaci\u00f3n de viviendas, as\u00ed como en la renovaci\u00f3n de ba\u00f1os y cocinas. Adem\u00e1s, brindamos asesoramiento en materia de dise\u00f1o y planificaci\u00f3n, y nos aseguramos de que todos nuestros proyectos cumplan con los est\u00e1ndares de calidad y seguridad apropiados.<\/p><p>Nos enorgullece ser una empresa responsable y comprometida con el medio ambiente. Por ello, en cada proyecto, utilizamos materiales y tecnolog\u00edas sostenibles y eficientes en energ\u00eda para minimizar nuestro impacto ambiental y ayudar a nuestros clientes a ahorrar en sus facturas de energ\u00eda.<\/p><p>Nuestro objetivo es ofrecer a nuestros clientes un servicio integral y personalizado que se ajuste a sus necesidades y presupuesto. Nos aseguramos de mantener una comunicaci\u00f3n abierta y constante con nuestros clientes a lo largo de todo el proceso de construcci\u00f3n, y nos esforzamos por superar sus expectativas en cada proyecto.<\/p><p>En resumen, somos una empresa de construcciones y rehabilitaciones comprometida con la excelencia y la satisfacci\u00f3n del cliente. Con un equipo altamente capacitado y un enfoque en el detalle y la calidad, estamos listos para abordar cualquier proyecto de construcci\u00f3n o rehabilitaci\u00f3n, grande o peque\u00f1o. \u00a1Cont\u00e1ctenos hoy mismo para saber m\u00e1s acerca de c\u00f3mo podemos ayudarle a hacer realidad sus sue\u00f1os<\/p>\t\t\t\t\t\t\t\t<\/div>\n\t\t\t\t<\/div>\n\t\t\t\t\t<\/div>\n\t\t<\/div>\n\t\t\t\t\t<\/div>\n\t\t<\/section>\n\t\t\t\t<\/div>\n\t\t","protected":false},"excerpt":{"rendered":"<p>Somos una empresa de construcciones y rehabilitaciones con m\u00e1s de 25 a\u00f1os de experiencia en el sector. Desde nuestros comienzos, hemos establecido una s\u00f3lida reputaci\u00f3n como l\u00edderes en la industria, gracias a nuestro compromiso con la excelencia en la calidad de nuestro trabajo y en el servicio al cliente. Nuestra empresa est\u00e1 compuesta por un [&hellip;]<\/p>\n","protected":false},"author":1,"featured_media":0,"parent":0,"menu_order":0,"comment_status":"closed","ping_status":"closed","template":"","meta":{"footnotes":""},"class_list":["post-348","page","type-page","status-publish","hentry"],"_links":{"self":[{"href":"https:\/\/www.encosl.com\/index.php\/wp-json\/wp\/v2\/pages\/348","targetHints":{"allow":["GET"]}}],"collection":[{"href":"https:\/\/www.encosl.com\/index.php\/wp-json\/wp\/v2\/pages"}],"about":[{"href":"https:\/\/www.encosl.com\/index.php\/wp-json\/wp\/v2\/types\/page"}],"author":[{"embeddable":true,"href":"https:\/\/www.encosl.com\/index.php\/wp-json\/wp\/v2\/users\/1"}],"replies":[{"embeddable":true,"href":"https:\/\/www.encosl.com\/index.php\/wp-json\/wp\/v2\/comments?post=348"}],"version-history":[{"count":19,"href":"https:\/\/www.encosl.com\/index.php\/wp-json\/wp\/v2\/pages\/348\/revisions"}],"predecessor-version":[{"id":450,"href":"https:\/\/www.encosl.com\/index.php\/wp-json\/wp\/v2\/pages\/348\/revisions\/450"}],"wp:attachment":[{"href":"https:\/\/www.encosl.com\/index.php\/wp-json\/wp\/v2\/media?parent=348"}],"curies":[{"name":"wp","href":"https:\/\/api.w.org\/{rel}","templated":true}]}}